nder when d(-153) is divided by 52.
40
Let v = -1881 + 2187. What is the remainder when v is divided by 45?
36
Let q(x) = -x**3 + 7*x**2 + 38*x - 62. Calculate the remainder when q(5) is divided by ((-4)/(-3))/((-4)/(-78)).
22
Let k be (7 + 18)*(-8)/(-10). Suppose 3*g - 68 = -k. Calculate the remainder when 122 is divided by g.
10
Suppose 0 = 5*f + 3*u - 3993, -222*u = -227*u - 45. Calculate the remainder when f is divided by 757.
47
Let s(t) = -6*t + 83. Let f be (-3)/(-9)*-1*6. Let l = f + 41. Calculate the remainder when l is divided by s(13).
4
Calculate the remainder when 63 is divided by (-322)/483 + -1 + 74/3.
17
Let q = -49 - -52. Suppose -n + 19 = d, -7 = -q*d + 8. What is the remainder when 123 is divided by n?
11
Let l = -758 - -1146. Suppose 0 = -50*o + 262 + l. What is the remainder when 168 is divided by o?
12
Let g(m) = 5*m**2 + m - 2. Calculate the remainder when -4 + (-1272)/(-40) + 83/415 is divided by g(-2).
12
Let j = 157 + -160. What is the remainder when j/(-27) + (-2 - (-2582)/9) is divided by 32?
29
Let v(p) = -p**3 - 3*p**2 + 17*p - 19. Suppose 7*y + 5 = -44. Calculate the remainder when v(y) is divided by 32.
26
Suppose 5*l = -23*f + 21*f + 46, -146 = -5*f + 3*l. Let c = -2 - -1. Let q = f + c. Calculate the remainder when q is divided by 5.
2
Suppose 2*x - 2*a - 13646 = 0, 24*a = -5*x - 0*a + 33854. What is the remainder when x is divided by 71?
69
Let d = 114 - 115. Let i be ((0 - (1 + d))*-1)/2. Suppose 2*l + 4*y + 2 = i, -3*l + 5 = y - 2. Calculate the remainder when 33 is divided by l.
0
Suppose -4*j + 4*u + 128 = 0, 121 = 4*j + 2*u + 11. Calculate the remainder when 35 is divided by j.
6
Suppose -h + 3 = 1. Suppose 33 = z + i - 3*i, h*z = 2*i + 60. Let j = -18170 - -18177. Calculate the remainder when z is divided by j.
6
Let u = -3397 - -3519. What is the remainder when 456 is divided by u?
90
Suppose -4*r + 5*a = -608, 675*a - 680*a - 152 = -r. Calculate the remainder when 1351 is divided by r.
135
What is the remainder when 82 is divided by 3 + 30/(-9) - 24*4/(-18)?
2
Suppose 4*o - 20*o - 10*o = -4498. Calculate the remainder when o is divided by 4.
1
Let i be (1 - 10) + 799/1. Suppose -5*v - i = -5*n, -5*n + 805 = 11*v - 13*v. Calculate the remainder when n is divided by (-2)/(-3)*123/2.
40
Suppose -4*u + 660 = 4*k, 2*u - 17*k + 18*k = 334. What is the remainder when u is divided by 34?
33
Suppose -11 = 35*m - 2111. Calculate the remainder when m is divided by 19.
3
Suppose z + 4*m + 2 = -11, 2*z - m = -8. Suppose -u - 4*u + 5*k - 15 = 0, -4*u + 5*k - 8 = 0. What is the remainder when 39 is divided by u/(-1) - 4/(9 + z)?
3
Let r = -160 - -100. Let q = r - -62. Suppose -q*w - 2*w + 160 = 0. What is the remainder when w is divided by 14?
12
Let d = 1077 - 839. What is the remainder when d is divided by 114?
10
What is the remainder when (-5715)/(-18) + ((-69)/26 - 6/(-39)) is divided by 17?
9
Let x = -3069 + 2129. Let v = 966 + x. What is the remainder when 147 is divided by v?
17
Suppose 6*f + 861 = 47*f. Suppose 0 = 3*u - 15, 5*g - 52 = g - 4*u. Suppose 0 = 3*c - 1 - g. What is the remainder when f is divided by c?
0
Let j(t) = t**3 + 35*t**2 + 68*t + 68. Let q be j(-33). Suppose 27*d = 23*d - q*h + 1716, -2*h - 1708 = -4*d. Calculate the remainder when d is divided by 54.
50
Suppose 4*m - 41 = -v, 3*v = -0*m + 3*m + 78. Let q = 399539 + -399528. Calculate the remainder when v is divided by q.
7
Suppose -z - 3*n = -44, 3*n - 51 = 5*z - 163. What is the remainder when z is divided by 16?
10
Let v(o) = -o - 26. Let q be v(-5). Let x = q - -67. Let m = -232 + 244. Calculate the remainder when x is divided by m.
10
Suppose 2*v + 76 = -4*h + 28, 0 = v + 3*h + 23. Let o be ((-12)/(-15))/((-4)/(-10)). What is the remainder when o + -7 + (-1 - v) is divided by 11?
9
Let k = 24426 - 17358. Calculate the remainder when k is divided by 101.
99
Suppose -46*g + 2*d - 624 = -50*g, -779 = -5*g - 3*d. Calculate the remainder when g is divided by 23.
19
Let v = -24306 + 24374. Calculate the remainder when 1351 is divided by v.
59
Suppose 12 = -4*p, 188 = 5*w + 3*p + 7. Suppose -2*b - 3 = -5*o, b + b = 2*o. Let m = b - -13. Calculate the remainder when w is divided by m.
10
Let n(q) = -q**2 - 8*q - 13. Let r be n(-5). Suppose 0 = -r*d + 13 + 29. Suppose -a - d + 40 = 0. What is the remainder when 33 is divided by a?
14
Suppose 16*f + 169 - 320 = 281. Let r be (-180)/7 + 2/(-7). Let a = r - -129. What is the remainder when a is divided by f?
22
Let r = -36 - -37. Let z be (r/3)/(8/(-72)). Let w(c) = -c**3 + c**2 - 2. Calculate the remainder when w(z) is divided by 19.
15
Suppose 81*d = -26 + 269. What is the remainder when 451 is divided by d?
1
Suppose y = 5*q + 512, y + 27*q - 500 = 29*q. What is the remainder when y is divided by 15?
12
Let m = -1006 - -1004. Let v(u) = -u**3 + 5*u**2 + 2*u - 6. What is the remainder when 42 is divided by v(m)?
6
Let f be (-4)/((-5)/70*4*7). Suppose -f*a = 7*a - 198. Calculate the remainder when 71 is divided by a.
5
Let t(m) = 2*m**2 + 5*m + 121. Let x be t(12). Let u = x + -399. What is the remainder when u is divided by 24?
22
Let q(u) = 4*u**3 + 7*u**2 + 5*u + 2. Let n be q(-2). What is the remainder when 28 is divided by (n - -11)/(1/(-20))?
8
Let d be 19/(72/15 - 5). Calculate the remainder when 37 is divided by (d - (-12)/4)*2/(-8).
14
Let l = 30606 - 29815. Calculate the remainder when l is divided by 258.
17
Let k = -671 - -1101. What is the remainder when k is divided by 88?
78
Let o(h) = -45*h**3 + 9*h**2 - 7*h + 3*h + 11 + 44*h**3. Let q be o(8). Suppose k - q = -w, 0*w - w = -k + 53. Calculate the remainder when k is divided by 10.
8
Let c(r) = 515 - 15*r + 207 - 717. Let g = 1 - 2. What is the remainder when c(g) is divided by 11?
9
What is the remainder when ((14/3)/(-1))/(55/(-165)) is divided by (0/(-3))/2 - -7?
0
Let w(l) = -5*l - 146. Let u be w(-19). Let r = u + 69. Calculate the remainder when 339 is divided by r.
15
Let g = 347 - -31. Let d be ((-1)/(-3))/(2/g). Suppose -4*u - 3*q + 66 = 11, 3*u = 5*q + d. Calculate the remainder when 61 is divided by u.
13
Let n = -1022 - -1032. What is the remainder when 161 is divided by (n/4)/((138/132)/23)?
51
Suppose 51594 = -516*f + 91326. Suppose 0 = -3*r + 252 + 177. What is the remainder when r is divided by f?
66
Suppose -951 = -3*b + 5*m, 7*m - 1285 = -4*b + 8*m. Suppose 3*d = -130 + b. Calculate the remainder when d is divided by 28.
8
What is the remainder when ((194/(-16)*6)/3)/(7/(-840)) is divided by 2901?
9
Let c(f) = -5*f**2 - 48*f + 11. What is the remainder when 536 is divided by c(-4)?
44
What is the remainder when 773 is divided by 1 - 7 - (-33 + 6)?
17
Suppose -5*n = -3*n, -5*r - 2*n - 30 = 0. Let d = -13 - -27. What is the remainder when 4/r + (-1624)/(-24) is divided by d?
11
Let c = -4196 + 4324. What is the remainder when 3326 is divided by c?
126
Suppose -4*u - 78 = -114. Calculate the remainder when 3/(-2)*58/87*-27 is divided by u.
0
Let l = 253 - 257. Let h(f) = -2*f**3 - f**2 - 14*f - 24. Calculate the remainder when h(l) is divided by 21.
18
Suppose -19*o = -15*o - 4, 3*c = -4*o + 784. Calculate the remainder when 772 is divided by c.
252
Suppose 2*x - 450 + 368 = x. Calculate the remainder when 167 is divided by x.
3
Let j be (14 + -14)*(-1)/3. Suppose j = 82*i - 72*i - 2210. Calculate the remainder when i is divided by 56.
53
Suppose -4*q = 4*t - 5*q - 82, 3*t - 2*q - 59 = 0. What is the remainder when 83 is divided by t?
20
Let s(c) = c**2 + 3*c + 3. Let f = 57 - -112. Let y = -151 + f. What is the remainder when s(4) is divided by y?
13
Suppose -5 - 11 = -w. Calculate the remainder when 670/18 - (10850/225 - 48) is divided by w.
5
Let y = -857 + 954. Let u = 42 - 10. What is the remainder when y is divided by u?
1
Let f(x) = -2*x**3 - 11*x**2 + 22*x + 13. Let l be f(-7). Let m = l + -4. Let a(y) = 12*y - 5. What is the remainder when 75 is divided by a(m)?
18
Let t(p) = p**3 - 3*p**2 - 15*p + 16. Let q = -136 + 143. What is the remainder when t(q) is divided by 22?
19
Let a(v) = v**3 + 6*v**2 + 4*v - 1. Let x be a(-3). Suppose -12 = u - x. Suppose f = -u*f + 60. What is the remainder when 55 is divided by f?
15
Let t = -939 - -1031. What is the remainder when 106 is divided by t?
14
Let k = 27